**3 - 2162*x**2 + 267*x - 3179. Calculate g(120).
61
Let z(s) = -355*s**2 - 116797*s - 663. Calculate z(-329).
-5
Let k(c) = 3*c**2 + 19658*c - 196894. Calculate k(10).
-14
Let v(f) = 25969*f - 25972. What is v(1)?
-3
Let n(r) = 19*r + 2246. Determine n(-71).
897
Let w(d) = -10*d**2 + 1347*d + 1714. Give w(136).
-54
Let x(k) = -2271*k + 109030. Calculate x(48).
22
Let n(b) = -b**2 - 3570*b + 280786. What is n(77)?
-33
Let a(j) = -4*j**3 + 202*j**2 - 1341*j + 2187. Give a(43).
-6
Let h(p) = 11639*p + 25880. Determine h(-2).
2602
Let j(q) = -1150*q - 702. What is j(-3)?
2748
Let m(z) = z**3 - 431*z**2 - 180*z + 77043. Determine m(431).
-537
Let x(z) = -3*z**2 - 512*z - 20574. Determine x(-106).
-10
Let g(h) = 438*h + 168443. Calculate g(-384).
251
Let s(z) = z**2 + 266*z - 11849. Determine s(39).
46
Let o(r) = 8*r**3 + 1249*r**2 + 200*r + 6880. Determine o(-156).
16
Let t(j) = 3*j**3 - 223*j**2 - 1058*j + 15613. Calculate t(78).
13
Let o(y) = -y**3 - 91*y**2 + 11*y - 6068. Give o(-92).
1384
Let b(j) = -11*j**2 + 2282*j - 7473. Determine b(204).
279
Let n(c) = -3589*c + 1765719. Calculate n(492).
-69
Let w(z) = -3271*z + 45646. Determine w(14).
-148
Let r(z) = 6*z**2 - 118*z - 946. What is r(-10)?
834
Let w(o) = 23*o**2 - 70*o - 134. Calculate w(-2).
98
Let j(u) = u**3 + 10*u**2 - 68*u - 656. Determine j(-15).
-761
Let o(a) = -a**2 + 8893*a - 168578. What is o(19)?
28
Let x(a) = 105118*a - 4835438. Calculate x(46).
-10
Let f(v) = 92*v**2 - 1871*v - 3422. What is f(22)?
-56
Let n(c) = 17451*c - 401479. What is n(23)?
-106
Let p(l) = -l**3 - 51*l**2 + 141*l + 768. Calculate p(5).
73
Let s(d) = -d**3 + 30*d**2 - 63*d + 37. Calculate s(9).
1171
Let c(j) = -409*j - 85024. Calculate c(-208).
48
Let u(o) = o**3 - 70*o**2 - 324*o - 319. Calculate u(75).
3506
Let d(q) = -338*q**2 - 21290*q + 245. What is d(-63)?
-7
Let a(c) = -1118*c**2 + 1047*c + 4. Give a(1).
-67
Let p(x) = 2*x**2 - 106*x + 3716. What is p(43)?
2856
Let m(b) = -456*b + 27743. Determine m(67).
-2809
Let b(z) = 16*z**2 - 94*z + 75. Give b(3).
-63
Let c(f) = 57*f**2 + 1219*f + 6135. Calculate c(-8).
31
Let u(s) = s**3 - 40*s**2 + 110*s - 1376. Calculate u(37).
-1413
Let l(t) = -112*t**2 + 1024*t - 12. Calculate l(9).
132
Let c(w) = 2835*w + 640693. Give c(-226).
-17
Let l(u) = u**3 - 9*u**2 - 3044*u + 35870. Give l(12).
-226
Let m(x) = 3*x**3 + 139*x**2 - 390*x + 261. Calculate m(-49).
163
Let a(f) = -f**2 + 469*f - 30807. Calculate a(79).
3
Let c(i) = 3*i**2 + 211*i + 3060. Determine c(-55).
530
Let g(w) = 9*w**3 - 1734*w**2 - 13220*w + 4005. Determine g(200).
5
Let j(d) = -10*d**2 + 19629*d - 98220. Give j(5).
-325
Let u(w) = -21*w**2 - 58*w - 55. Give u(-2).
-23
Let m(a) = -1628*a - 11339. Determine m(-7).
57
Let c(l) = 68*l**2 - 1448*l - 1070. Calculate c(22).
-14
Let f(a) = -a**3 - 372*a**2 + 5015*a + 3754. Determine f(-385).
-96
Let g(p) = -64*p - 5466. Give g(-87).
102
Let p(k) = -20*k**3 + 10*k**2 + 15*k. Determine p(2).
-90
Let i(w) = 922*w**3 - 5*w**2 - 59*w - 57. What is i(-1)?
-925
Let c(m) = -51879*m + 311271. Determine c(6).
-3
Let f(b) = b**3 + 28*b**2 - 67*b - 210. Give f(-30).
0
Let l(f) = -f**2 + 426*f + 9669. Determine l(-22).
-187
Let v(m) = 36498*m + 802941. Calculate v(-22).
-15
Let t(a) = -3*a**2 + 50*a - 202. Give t(31).
-1535
Let z(c) = -1426*c**2 + 96*c - 82. Calculate z(1).
-1412
Let c(b) = -4205*b + 33784. Give c(8).
144
Let b(w) = -w**3 + 85*w**2 - 773*w + 18. Give b(9).
-783
Let h(g) = -8904*g + 26658. What is h(3)?
-54
Let t(k) = 48185*k - 385665. Calculate t(8).
-185
Let t(h) = -2*h**2 - 763*h + 282995. Calculate t(231).
20
Let x(k) = 28*k**2 - 329*k + 2382. Calculate x(7).
1451
Let o(c) = -23*c**3 - 113*c**2 + 27*c + 195. Determine o(-5).
110
Let b(g) = g**2 + 866*g + 146682. What is b(-230)?
402
Let z(x) = x**3 + 188*x**2 + 1299*x + 5327. What is z(-181)?
-465
Let y(b) = 3164*b - 16830. Give y(5).
-1010
Let p(f) = -2*f**2 + 173*f - 3095. Give p(16).
-839
Let p(u) = 17*u**2 + 2392*u - 527. Determine p(-141).
178
Let z(m) = -7*m**3 - 25*m**2 + 113*m + 640. Give z(-5).
325
Let y(i) = 18918*i - 2024220. Calculate y(107).
6
Let f(i) = -i**3 + 121*i**2 - 1616*i + 357. What is f(15)?
-33
Let h(d) = 63278*d + 6137982. Calculate h(-97).
16
Let l(h) = 169*h**2 - 3880*h + 3880. Give l(1).
169
Let d(k) = -1220*k**2 + 26808*k + 47. Calculate d(22).
-657
Let q(y) = -514*y - 10554. Determine q(-20).
-274
Let j(b) = -5*b**3 - 2*b**2 + 61*b + 258. Give j(-6).
900
Let y(q) = -q**2 - 76*q - 8. Determine y(-87).
-965
Let n(x) = -433*x + 3352. Determine n(8).
-112
Let r(q) = 2*q**3 - 62*q**2 + 164*q - 139. Give r(28).
-251
Let f(p) = -p**2 + 117*p - 2150. What is f(91)?
216
Let k(f) = 10269*f**2 - 164302*f - 36. Determine k(16).
-4
Let y(l) = -l**3 + 37*l**2 - 236*l + 34. Determine y(10).
374
Let z(j) = j**3 - 35*j**2 + 224*j + 1446. Calculate z(19).
-74
Let x(m) = 84*m**2 + 1998*m - 12727. What is x(-29)?
-25
Let c(h) = -50*h**2 - 8309*h - 1741. Give c(-166).
-247
Let m(g) = 4*g**2 + 918*g - 13196. Calculate m(-243).
-74
Let v(a) = -319*a**2 + 1135*a - 1008. Determine v(2).
-14
Let c(b) = b**2 - 228*b + 4714. Give c(20).
554
Let n(o) = -204*o + 5675. Calculate n(26).
371
Let c(p) = -1227*p - 30618. Determine c(-25).
57
Let z(t) = -t**3 + 45*t**2 - 90*t - 1488. Calculate z(42).
24
Let j(l) = -21*l**3 + 159*l**2 - 65*l - 182. Calculate j(7).
-49
Let a(h) = 77*h - 6155. Determine a(76).
-303
Let t(c) = 722*c + 39148. Give t(-52).
1604
Let q(p) = -p**3 + 7*p**2 + 2243*p - 219. Calculate q(51).
-270
Let d(s) = 2028*s + 776726. What is d(-383)?
2
Let j(i) = 2*i**3 - 1016*i**2 + 7960*i + 20001. Determine j(500).
1
Let h(k) = -1762*k + 22893. Give h(13).
-13
Let d(t) = 176*t + 2144. Calculate d(-13).
-144
Let c(k) = -8*k**3 + 7*k**2 - 5. Calculate c(4).
-405
Let z(t) = -65*t**2 + 321*t - 5. What is z(5)?
-25
Let c(o) = 2075*o + 60168. Determine c(-29).
-7
Let s(l) = 209*l + 16812. Determine s(-81).
-117
Let l(t) = t**3 - 32*t**2 - 576*t - 324. Calculate l(45).
81
Let f(v) = v**2 - 2215*v + 292448. What is f(141)?
14
Let a(n) = 222*n + 3786. Determine a(-18).
-210
Let z(b) = -45*b**2 - 1504*b - 2806. Give z(-2).
22
Let u(n) = 2*n**2 - 202*n + 5192. What is u(46)?
132
Let y(q) = 9*q**3 - 215*q**2 + 1044*q + 174. Determine y(7).
34
Let p(o) = o**3 + 27*o**2 + 120*o + 133. Determine p(-6).
169
Let d(g) = 72*g - 6738. Determine d(93).
-42
Let i(z) = 24*z**2 - 146*z + 542. Give i(5).
412
Let d(w) = -2*w**3 + 118*w**2 + 26*w + 5661. Calculate d(60).
21
Let i(f) = -f**2 + 1938*f - 60992. Give i(32).
0
Let z(f) = 200*f - 30296. Give z(151).
-96
Let n(b) = 198345*b - 793509. Give n(4).
-129
Let h(w) = -10*w**2 - 464*w + 57. Calculate h(-47).
-225
Let w(j) = -31*j**3 + 2*j**2 - 9*j + 58. What is w(4)?
-1930
Let u(l) = -1516*l + 36361. Give u(24).
-23
Let q(y) = 2808*y - 47087. Determine q(17).
649
Let v(j) = 3788*j + 197127. Determine v(-52).
151
Let x(k) = -12593*k + 37243. Calculate x(3).
-536
Let u(i) = i**2 + 1819*i + 120458. What is u(-68)?
1390
Let d(y) = -7*y**2 - 2713*y - 76392. What is d(-357)?
6
Let h(x) = 5*x**3 + 29*x**2 + 2300*x + 11403. Give h(-5).
3
Let l(h) = -1036*h + 41190. Determine l(39).
786
Let m(g) = 3092*g + 55640. Determine m(-18).
-16
Let c(d) = -61*d**3 - 5*d**2 + 1677*d + 1680. Calculate c(-1).
59
Let j(u) = -7*u**3 + 16*u + 12. Give j(8).
-3444
Let m(f) = 96*f - 45532. Calculate m(474).
-28
Let d(x) = -2537*x + 17036. Determine d(7).
-723
Let i(r) = 66*r**2 - 6254*r + 45838. Determine i(8).
30
Let c(g) = -1565*g + 13392. Give c(7).
2437
Let q(a) = -141383*a - 16400454. Determine q(-116).
-26
Let h(b) = -2*b**2 - 704*b - 58343. Calculate h(-134).
81
Let x(l) = -15*l - 335. Determine x(-5).
-260
Let m(r) = -r**3 - 2*r**2 - 181*r + 1368. Give m(7).
-340
Let o(x) = x**2 - 7040*x - 283185. Determine o(-40).
15
Let n(g) = -17*g**2 - 3319*g + 10080. Give n(3).
-30
Let r(h) = 2*h**2 - 136*h - 172. Determine r(69).
-34
Let u(b) = -45*b**3 - 369*b**2 + 319*b - 10. Determine u(-9).
35
Let n(f) = 9*f**2 - 1114*f + 6683. Determine n(6).
323
Let z(u) = u**3 + 10*u**2 + 459*u + 5826. Determine z(-12).
30
Let r(k) = -724*k - 128224. Give r(-177).
-76
Let f(d) = -d**2 + 318*d - 4790. Give f(17).
327
Let n(h) = h**3 + 32*h**2 - 23*h + 223. Give n(-34).
-1307
Let b(q) = -70*q**2 